o base 3
21100020101
Convert -2576152 (base 8) to base 10.
-719978
Convert -234501 (base 7) to base 11.
-29978
-230213130 (base 4) to base 14
-4a856
Convert -37c533 (base 14) to base 11.
-1099855
What is 32323110211 (base 4) in base 16?
3bb525
78795 (base 12) to base 13
57b42
Convert 1000011010001100 (base 2) to base 6.
423244
Convert 114130330 (base 5) to base 15.
a8db0
3b714 (base 16) to base 9
410878
What is -1221130021 (base 5) in base 8?
-13066035
Convert 20a6760 (base 12) to base 13.
1389aa7
17575623 (base 8) to base 2
1111101111101110010011
Convert -110101010010101110 (base 2) to base 14.
-5979c
Convert -685439 (base 11) to base 8.
-4122067
100000100000110100101 (base 2) to base 11
668489
Convert -12023320101 (base 4) to base 11.
-a08300
-77561 (base 8) to base 10
-32625
10101011010011001010 (base 2) to base 7
5651414
What is 31506a5 (base 12) in base 10?
9311453
864353 (base 12) to base 4
20012023233
What is 244261 (base 7) in base 15?
d3c1
What is -1033112211 (base 4) in base 12?
-138119
Convert -db6617 (base 15) to base 5.
-10133402442
Convert 19f023 (base 16) to base 12.
69b883
What is 3320222 (base 6) in base 2?
101000100001010110
Convert 3062203 (base 8) to base 11.
505210
What is -1122314 (base 5) in base 7?
-113166
What is 1120002212 (base 3) in base 15?
9165
-fac3c (base 16) to base 10
-1027132
What is -44310563 (base 8) in base 7?
-144042165
-2b99b0 (base 12) to base 5
-142231430
150a566 (base 12) to base 14
7c8286
What is -1111010011010101101101 (base 2) in base 14?
-765c29
-2121132103 (base 4) to base 5
-130104002
Convert 1036123 (base 8) to base 4.
1003301103
What is -246b53c (base 13) in base 12?
-3967897
What is -10222020300 (base 4) in base 6?
-42101320
What is 99668 (base 14) in base 10?
371708
-1552b89 (base 14) to base 6
-1011145445
Convert -2f35c (base 16) to base 8.
-571534
7706728 (base 9) to base 3
21210020210222
Convert -c609b (base 14) to base 6.
-14123025
What is -14446892 (base 10) in base 15?
-1405862
Convert -8abda (base 15) to base 14.
-b6c2a
Convert 120222112011 (base 3) to base 2.
1001100110011010101
Convert 19020 (base 10) to base 2.
100101001001100
Convert 2023556 (base 9) to base 10.
1078647
What is 1133027 (base 9) in base 6?
21043041
Convert 173bd7 (base 14) to base 5.
202123223
What is 2023035 (base 6) in base 14?
272a3
What is -1b4c8 (base 15) in base 3?
-11111212022
-6820547 (base 11) to base 15
-10b00e2
What is 2001101210202 (base 3) in base 10?
1090442
What is -8024b7 (base 12) in base 8?
-7470113
What is -112100110101210 (base 3) in base 15?
-a099e0
What is a0ac24 (base 13) in base 16?
39057e
What is -76045 (base 10) in base 15?
-177ea
201321333 (base 4) to base 2
100001111001111111
787864 (base 9) to base 15
94b2a
426d33 (base 14) to base 11
12a5386
Convert -1000100000010010101011 (base 2) to base 15.
-2e087e
2089a9 (base 13) to base 3
1102201000122
What is 1833013 (base 9) in base 12?
415703
111010020002202 (base 3) to base 5
3241102410
-132466606 (base 7) to base 12
-2a46794
Convert 7333731 (base 9) to base 3.
21101010211001
Convert 2278 (base 16) to base 12.
5134
What is -4ab799 (base 14) in base 4?
-21302233223
Convert -422013024 (base 5) to base 3.
-10021221221101
-203320231 (base 4) to base 15
-2d844
What is 561421 (base 8) in base 4?
232030101
Convert -177a8e (base 15) to base 2.
-100010110010000101111
Convert -42053115 (base 6) to base 4.
-10221322013
What is 539953 (base 10) in base 7?
4406131
331332112 (base 4) to base 10
253846
Convert -4a943 (base 15) to base 14.
-62c02
What is 1341124 (base 5) in base 13?
c790
Convert -5200113 (base 6) to base 11.
-15aa92
2022012001 (base 3) to base 10
45334
20306542 (base 7) to base 11
a6112a
24452 (base 6) to base 5
104012
What is 55342 (base 9) in base 14?
d559
What is -110421301 (base 5) in base 10?
-482701
10200122101002 (base 3) to base 13
53892b
Convert -10111110000110 (base 2) to base 7.
-50320
What is -323103110 (base 4) in base 2?
-111011010011010100
Convert 1eff2 (base 16) to base 15.
27942
What is 10010110100011000 (base 2) in base 3?
10220201211
40900 (base 11) to base 7
335626
3514652 (base 8) to base 14
1ac9bc
Convert -17160034 (base 8) to base 14.
-75bca8
Convert 14434432 (base 5) to base 4.
211333201
What is -574a2 (base 15) in base 5?
-32342202
What is 11112020202 (base 3) in base 11?
60a59
What is 116290 (base 14) in base 10?
593222
Convert -22133200 (base 4) to base 10.
-42976
259cd (base 14) to base 9
150784
What is -1413400004 (base 5) in base 11?
-2075717
Convert 7793a (base 11) to base 14.
2d22c
What is 5602071 (base 8) in base 7?
15551460
-30878 (base 15) to base 13
-54ccb
49a570 (base 15) to base 12
1221889
Convert a252c (base 15) to base 6.
15004223
Convert 698847 (base 10) to base 5.
134330342
What is -1651156 (base 10) in base 15?
-229371
What is -514402 (base 9) in base 14?
-7d252
-775822 (base 10) to base 16
-bd68e
133313111 (base 4) to base 7
1052342
What is 11204342 (base 5) in base 15?
1ec17
73522 (base 13) to base 15
416b1
What is 33a18 (base 13) in base 10?
93985
Convert 414304 (base 7) to base 14.
1bd04
What is 10011110200 (base 3) in base 5?
3443212
What is -10101010000100001010 (base 2) in base 4?
-2222010022
-1b361 (base 13) to base 4
-31001002
2300220 (base 8) to base 9
1148208
Convert -68a337 (base 13) to base 5.
-1113310034
Convert 110a4a (base 11) to base 14.
486ba
Convert -642810 (base 10) to base 3.
-1012122202210
-11d4942 (base 14) to base 7
-132632212
Convert -52dad (base 14) to base 2.
-110000111001001101
Convert 541347 (base 8) to base 15.
38947
What is -210112010222100 (base 3) in base 8?
-53505201
What is -1350514455 (base 6) in base 12?
-5665a2b
2661201 (base 7) to base 12
14b150
-11102231 (base 4) to base 8
-52255
Convert 21234100 (base 6) to base 2.
10011001000010110100
What is -2290a (base 12) in base 10?
-46234
What is -92c45 (base 13) in base 8?
-1002550
What is -2ed28b (base 15) in base 16?
-22aad4
What is 3213125 (base 7) in base 11?
24706a
-15176 (base 13) to base 16
-9b84
What is 10044762 (base 9) in base 4?
102112333100
What is 23709b (base 12) in base 15?
b4792
Convert 130133213 (base 4) to base 14.
30767
What is b3d1 (base 15) in base 11?
26602
Convert -301221112033 (base 4) to base 16.
-c6958f
3330035 (base 8) to base 14
194cb3
Convert 135243 (base 7) to base 3.
1022110120
11001000120201 (base 3) to base 5
1022131441
Convert -11221174 (base 9) to base 5.
-2343242012
-1bbd77 (base 15) to base 9
-2486574
What is 4916a0a (base 11) in base 13?
1a0902c
5b3582 (base 12) to base 2
101101000111001110010
Convert -11441044 (base 5) to base 11.
-748aa
98296a (base 11) to base 15
210494
Convert -6c39a9 (base 13) to base 16.
-275935
Convert -127d9 (base 14) to base 6.
-550255
-100000010011010000 (base 2) to base 12
-64694
-130221212202 (base 4) to base 11
-426a778
-885170 (base 12) to base 4
-20100222210
Convert 2231121 (base 4) to base 5.
323342
What is 55320333 (base 6) in base 5?
411042014
-9c46c5 (base 16) to base 2
-100111000100011011000101
What is 56357 (base 15) in base 13?
97a11
-101101212 (base 3) to base 9
-11355
What is -40221321 (base 5) in base 9?
-537220
Convert 2303521 (base 6) to base 13.
41620
-333054334 (base 6) to base 5
-3020313343
Convert -216011 (base 11) to base 14.
-8d8c5
What is -2b4ec (base 16) in base 11?
-111302
What is 14899 (base 16) in base 10?
84121
Convert 137506 (base 8) to base 9.
74146
-1000001100100010010 (base 2) to base 5
-32043222
What is 22156264 (base 7) in base 4?
13103020312
Convert 237014 (base 10) to base 14.
62538
Convert 11102361 (base 8) to base 14.
4642c1
What is b30 (base 14) in base 6?
14102
-8db20 (base 15) to base 12
-199270
What is 11101010110 (base 3) in base 5?
10223430
2130034 (base 5) to base 10
36269
Convert 32039 (base 12) to base 5.
4100314
Convert -12010120101 (base 3) to base 12.
-4a561
Convert 998735 (base 10) to base 5.
223424420
-32512 (base 12) to base 3
-10101002012
632d1 (base 14) to base 12
b659b
Convert -233321031 (base 4) to base 7.
-1444635
Convert -135009 (base 11) to base 14.
-571b0
What is 4022021 (base 6) in base 5?
22032121
What is 37491a (base 12) in base 3?
1200201101211
Convert -48703 (base 13) to base 5.
-13224011
Convert 375d4 (base 16) to base 14.
5c900
Convert 10120020212220 (base 3) to base 13.
514476
Wha